0915215.
19
What is the greatest common divisor of 10785879 and 3969?
81
What is the greatest common divisor of 153133156 and 88?
44
Calculate the greatest common factor of 8812992 and 59100.
2364
What is the greatest common factor of 1259 and 108193424?
1259
Calculate the greatest common factor of 251220 and 508164.
636
Calculate the highest common factor of 26669334 and 186.
6
Calculate the greatest common factor of 134 and 66704999.
67
Calculate the highest common divisor of 2 and 1039663.
1
What is the greatest common divisor of 41 and 373256497?
41
What is the greatest common divisor of 256434227 and 166?
83
Calculate the greatest common divisor of 9019298 and 206.
206
What is the greatest common factor of 45079323 and 21?
3
What is the greatest common factor of 180 and 566652?
12
What is the highest common factor of 69358630 and 1298?
1298
What is the greatest common factor of 9219 and 30595666?
439
What is the greatest common divisor of 18 and 46158552?
18
What is the highest common factor of 192655491 and 987?
987
Calculate the highest common divisor of 3335 and 12391250.
115
What is the highest common factor of 6282 and 67338?
18
What is the greatest common divisor of 176 and 22997414?
22
What is the greatest common factor of 287 and 5529916?
287
What is the greatest common divisor of 194622 and 28688?
326
What is the greatest common divisor of 158389369 and 1?
1
Calculate the greatest common divisor of 1038368 and 84212.
148
Calculate the greatest common divisor of 5244 and 3323868.
276
Calculate the highest common divisor of 13271 and 52279.
23
Calculate the greatest common factor of 162 and 15489126.
18
Calculate the highest common divisor of 207 and 2519820.
9
What is the greatest common factor of 149454 and 392886?
414
Calculate the greatest common factor of 25704 and 22367448.
216
What is the highest common divisor of 7554588 and 409716?
7188
Calculate the highest common divisor of 12640 and 959360.
160
Calculate the greatest common factor of 292855 and 27565.
185
What is the highest common factor of 21905972 and 29766?
902
Calculate the greatest common divisor of 7826 and 2559704.
602
What is the greatest common factor of 14113 and 17809?
11
What is the greatest common factor of 4984 and 231934?
178
Calculate the highest common divisor of 4080182 and 6838.
526
Calculate the greatest common factor of 1151 and 2140660877.
1151
What is the greatest common factor of 19 and 41057670?
19
What is the greatest common factor of 2 and 240084096?
2
Calculate the highest common divisor of 12 and 8494056.
12
Calculate the highest common factor of 120 and 31687500.
60
Calculate the greatest common divisor of 8832 and 861396.
276
What is the greatest common divisor of 868 and 907452?
28
Calculate the highest common factor of 2903 and 30191200.
2903
What is the highest common divisor of 45612 and 19242?
18
What is the greatest common factor of 71587144 and 40?
8
What is the greatest common divisor of 20940 and 7425?
15
What is the greatest common factor of 1094246 and 4853?
211
What is the greatest common divisor of 196 and 93988?
4
Calculate the highest common divisor of 1588443059 and 1717.
1717
What is the greatest common divisor of 6229473 and 1767?
57
Calculate the greatest common divisor of 4545 and 173858067.
909
Calculate the greatest common divisor of 88343 and 144946.
529
What is the greatest common factor of 194976 and 10512?
144
Calculate the highest common divisor of 25 and 17268815.
5
Calculate the highest common divisor of 17214810 and 15.
15
Calculate the highest common divisor of 29520 and 880560.
720
What is the highest common factor of 2112809 and 114557?
1181
Calculate the greatest common divisor of 22 and 135129170.
22
Calculate the greatest common factor of 3676 and 283935159.
919
What is the greatest common divisor of 412069 and 7698849?
1591
What is the highest common factor of 80295 and 237855?
1515
What is the highest common divisor of 150147 and 1656099?
2241
Calculate the highest common factor of 674505 and 8433.
9
Calculate the highest common factor of 13110 and 408480.
690
Calculate the highest common factor of 280419291 and 18.
9
What is the greatest common divisor of 133 and 39040459?
19
What is the greatest common divisor of 82566 and 665254?
278
Calculate the greatest common factor of 15651584 and 9984.
3328
What is the highest common divisor of 885 and 768315405?
885
Calculate the highest common divisor of 27656 and 18069739.
3457
Calculate the greatest common divisor of 5751882 and 6.
6
What is the greatest common factor of 65 and 250625?
5
Calculate the highest common divisor of 864 and 151241904.
432
What is the highest common divisor of 696 and 13916832?
24
Calculate the highest common factor of 597435 and 19965.
15
What is the highest common divisor of 9246 and 102592812?
402
Calculate the greatest common divisor of 11372680 and 1760.
440
What is the greatest common factor of 351 and 2749275?
27
Calculate the highest common factor of 35144 and 10630678.
382
What is the highest common factor of 382160 and 673557?
4777
Calculate the highest common divisor of 116569 and 43622.
17
Calculate the highest common factor of 398840 and 234.
26
What is the greatest common factor of 131720 and 25673560?
1480
Calculate the highest common divisor of 10868 and 1437046.
494
Calculate the greatest common factor of 315113 and 1112.
139
Calculate the greatest common factor of 580266 and 32.
2
Calculate the highest common divisor of 640 and 80902940.
20
Calculate the highest common divisor of 50471 and 305819.
41
Calculate the highest common divisor of 279112 and 53376.
1112
What is the highest common divisor of 520416 and 13536?
288
Calculate the greatest common divisor of 740 and 189632770.
370
What is the highest common factor of 66277 and 419870?
347
Calculate the highest common factor of 348951 and 111192.
123
Calculate the highest common factor of 1340960 and 493.
493
Calculate the greatest common factor of 1938880 and 6278.
146
What is the greatest common factor of 1395 and 201634695?
1395
What is the highest common factor of 101787 and 5208?
21
What is the highest common factor of 21378405 and 15?
15
Calculate the highest common factor of 8154 and 1146392.
302
What is the greatest common factor of 80424 and 18146782?
2234
What is the greatest common divisor of 5668 and 11348753?
1417
Calculate the greatest common factor of 3596 and 551366.
62
What is the highest common divisor of 1195942 and 2332?
22
Calculate the highest common divisor of 4944992 and 650.
26
What is the greatest common divisor of 41469083 and 1779?
593
What is the highest common factor of 7308672 and 3136?
448
Calculate the highest common divisor of 33 and 181190207.
11
Calculate the greatest common factor of 627 and 2897823.
57
Calculate the greatest common factor of 30640 and 285.
5
What is the greatest common factor of 18179 and 32?
1
What is the highest common factor of 185 and 138735?
5
What is the highest common factor of 26591842 and 272?
34
Calculate the highest common divisor of 33379 and 597951.
29
What is the greatest common factor of 1100922 and 102?
6
Calculate the greatest common divisor of 85 and 2965905.
85
Calculate the highest common divisor of 1657814 and 17546.
566
What is the greatest common factor of 1178366 and 17374?
1022
Calculate the greatest common factor of 1958 and 1143411302.
1958
What is the highest common factor of 220 and 32331101?
11
Calculate the greatest common factor of 13488196 and 1576.
788
Calculate the highest common factor of 375795 and 44235.
45
Calculate the greatest common factor of 970 and 42390358.
194
What is the highest common factor of 225670 and 1310?
10
Calculate the greatest common divisor of 2144982 and 762.
6
What is the highest common divisor of 7490 and 4854950590?
7490
Calculate the greatest common divisor of 15291 and 230722501.
1699
What is the greatest common divisor of 1384 and 136726052?
692
What is the highest common factor of 2823913790 and 10?
10
What is the greatest common divisor of 51 and 282116972?
17
Calculate the highest common divisor of 163078 and 11203702.
2434
What is the greatest common factor of 7326 and 3290562?
198
Calculate the greatest common factor of 51331217 a